s divided by 6?
3
Suppose -2*k = -18 - 0. Let a = 19 - k. Calculate the remainder when a is divided by 4.
2
Let w(l) be the second derivative of -l - l**2 + 1/3*l**3 + 0. Calculate the remainder when 5 is divided by w(3).
1
What is the remainder when (-2)/8 - (-1545)/20 is divided by 485/25 - -2*(-3)/(-10)?
17
Let b(q) = -q**3 + 9*q**2 - 6*q + 1. Calculate the remainder when b(7) is divided by 12.
9
Suppose -9*r + 18 = -8*r. Calculate the remainder when 51 is divided by r.
15
Let i = -4 - -4. Let c = 1 - i. Let y(g) = g**2 + 3*g + 3. Calculate the remainder when c is divided by y(-2).
0
What is the remainder when (-5 - -7 - 6) + 74/2 is divided by 10?
3
Suppose 0 = 5*o - 142 - 133. Calculate the remainder when o is divided by 28.
27
Let s = 4 + -6. Calculate the remainder when (-26 - -1)*(-3 - s) is divided by 14.
11
Suppose 2*h = g - 4, -h = -0*h - 5*g + 11. Let s = h - 1. What is the remainder when 66 is divided by 1*s/(4/(-34))?
15
Let d(f) = -f**2 + 5*f - 4. Suppose -2 = o - 6. Let r be d(o). Suppose -p = -14 - r. What is the remainder when 27 is divided by p?
13
Let w = -47 - -74. Let x be (-2)/3*3 + -22. Let p = -10 - x. Calculate the remainder when w is divided by p.
13
Suppose 0 = 3*s + s + 24. Calculate the remainder when 38 is divided by 4/5*(-75)/s.
8
Let f(r) = 2*r**3 - 2*r**2 + r. Let h be f(1). Let k be h*(11 - (-4)/(-2)). Let p = 2 + k. What is the remainder when 19 is divided by p?
8
Suppose 5*l = 10, -j - l - 8 = -97. What is the remainder when j is divided by 30?
27
Let q = 16 + 3. Calculate the remainder when 54 is divided by q.
16
Let x = 18 - 11. Let w = 4 + x. What is the remainder when 21 is divided by w?
10
Let w(o) = 2 + o - 3 + 0. Let p(h) = 6*h - 8. Let y(v) = 5*p(v) - 35*w(v). Calculate the remainder when 58 is divided by y(-5).
18
Suppose -21*y - 42 = -22*y. What is the remainder when 249 is divided by y?
39
Suppose o - 16 - 74 = 0. What is the remainder when o is divided by 13?
12
Let x = 47 - -1. What is the remainder when x is divided by 10?
8
Let l be 116*1 - (15 - 11). Suppose s - l = -10. Calculate the remainder when s is divided by 26.
24
Let a(b) = b + 20. What is the remainder when 62 is divided by a(-9)?
7
Suppose 5 + 69 = 2*x. Calculate the remainder when x is divided by 11.
4
Let t(d) = d**2 - 6*d + 1. Calculate the remainder when t(8) is divided by 10.
7
Suppose 6 = 3*m, c = 4*c - m - 49. Calculate the remainder when c is divided by 11.
6
Let t(y) = -y**2 + 10*y - 9. Let d be (-7)/2*1*-2. Suppose 5*p - 25 = 0, -8 = -2*v + p + 31. What is the remainder when v is divided by t(d)?
10
Suppose q = -2*z + 43, 4*z - 2*z + 129 = 3*q. Calculate the remainder when q is divided by 10.
3
Suppose 14 = -w - 4*k, 5 = -5*w - 5*k - 5. Let c be 3*(-1)/(-4)*4. Suppose c*b - w = 7. Calculate the remainder when 10 is divided by b.
1
Suppose 0*z = -2*z + 4. Let o = 38 - 13. Calculate the remainder when o is divided by (1 - z) + (-20)/(-2).
7
Let z(l) = -l + 3. Suppose 0 = -5*i - 9 + 34. Let r be z(i). What is the remainder when (r + 3)/(3/75) is divided by 9?
7
Suppose -3*x = -5 - 40. Suppose -m + l = -x, 9 + 26 = m - 5*l. Calculate the remainder when 29 is divided by m.
9
Let c(p) = -7*p + 3. What is the remainder when c(-6) is divided by 23?
22
Let v = -105 + 162. What is the remainder when v is divided by 31?
26
Let s = 65 - 20. What is the remainder when s is divided by (-80)/16*48/(-15)?
13
Let a = 84 + -73. Calculate the remainder when 18 is divided by a.
7
Let w be 3 - 2/(-6)*0. Suppose d = -5*g + 40, w*g - d = 14 + 10. Calculate the remainder when g is divided by 5.
3
Let t(b) be the first derivative of -b**2/2 - 6*b - 2. What is the remainder when t(-9) is divided by 3?
0
Suppose -w = -4*w + 120. Let l = -23 + w. Suppose 4*u - 26 = 5*x, -5*u = -x - 5 - l. What is the remainder when 6 is divided by u?
2
Let h(c) = -c**3 - 10*c**2 + 10*c + 25. What is the remainder when 140 is divided by h(-11)?
32
Suppose k + 17 = 2*k - 2*w, 0 = -3*k - 5*w + 106. What is the remainder when k is divided by 10?
7
Suppose 1 = 2*m - 3. Let d = m - 0. Suppose d = h - 6. Calculate the remainder when h is divided by 5.
3
Suppose 0 = 2*b + 8, -b = k + 2 + 2. Suppose -2*m - 3*y + 23 = k, 71 = 5*m - 2*y + 5*y. What is the remainder when 29 is divided by m?
13
Suppose 3*u + 3 = 0, 2*z + 80 = 7*z + 5*u. Calculate the remainder when z is divided by 2/3 + 100/12.
8
Let n(t) = -t**2 + 5*t + 2. Let z(f) = -2*f**3 - 4*f**2 - 3*f - 1. Let q be z(-2). What is the remainder when 4 is divided by n(q)?
0
Let b = -83 + 86. What is the remainder when 21 is divided by b?
0
Let n(z) = -z**3 + 2*z**2 + 2*z - 1. Let g be n(2). Let m(u) = 54*u**2 + u. Calculate the remainder when m(-1) is divided by (-1 + -17)*g/(-3).
17
Suppose 5*p = 0, 4*b - 2*b = 4*p - 50. Let u = 34 + b. Calculate the remainder when 34 is divided by u.
7
Let r be (21/(-9) + 3)*-18. Let v = 31 + r. Calculate the remainder when v is divided by 11.
8
Let o = -5 + 9. What is the remainder when 62 is divided by (o - 2) + (20 - 1)?
20
Let s(v) = v + 11. What is the remainder when 71 is divided by s(7)?
17
Calculate the remainder when 38 + 0 - (-4)/(-2) is divided by 13.
10
Let o(j) = 2*j + 6. Let l be o(5). Suppose 4*s = 2*x + l, -25 = -s - 4*s. Calculate the remainder when 6 is divided by x.
0
Suppose -74 + 234 = 4*l - 2*o, -5*l + 2*o = -198. Calculate the remainder when l is divided by 8.
6
Let s(p) be the third derivative of 0*p**4 + 0*p + 2*p**2 + 0 + 1/20*p**5 + 1/3*p**3. Calculate the remainder when s(3) is divided by 15.
14
Suppose c - l = -3*c + 5, 0 = 3*c + 2*l - 12. What is the remainder when 4 is divided by c?
0
Let z = -104 - -133. Calculate the remainder when z is divided by 5.
4
Let s = -24 - -38. Suppose 5*w - 5*y = -35, 0 = -3*w - 3*y - y + s. Let d = 19 + w. What is the remainder when d is divided by 9?
8
Suppose 17 = 2*r - 75. Suppose 5*z = z - 112. Let y = r + z. Calculate the remainder when y is divided by 10.
8
Suppose 5*x = -10, 3*s + s - 2*x = 44. Suppose v - 2*v + 4 = 0. Suppose -v*w = -90 + 18. What is the remainder when w is divided by s?
8
Suppose 2*p = -5*v + 2, -7 = p + 3*v - 6. Calculate the remainder when 86 is divided by p.
9
Let m = 1 - -1. Suppose -m*j = -i - 87, i - 4*i = -15. Suppose 5*r = 3*r + j. Calculate the remainder when 68 is divided by r.
22
Let g = 23 - 3. What is the remainder when 39 is divided by g?
19
Suppose 4*d = 8*d - 32. Suppose 5*w + 3 = d. Let h(c) = -c**2 + 10*c - 7. Calculate the remainder when h(9) is divided by w.
0
Suppose 0 = -f + 16 + 20. Let b = f + -4. What is the remainder when b is divided by (-3)/((-24)/34)*4?
15
Let o be (6/4)/((-6)/16). Let a = 6 + o. Calculate the remainder when 2 is divided by a.
0
Suppose -2 = -2*g + 6. Suppose -243 = -7*z + g*z. What is the remainder when z is divided by 1/(0 + (-4)/(-84))?
18
Let x be (15/6)/5*10. Let h = x - -7. Let y = -7 + h. What is the remainder when 13 is divided by y?
3
Let m(x) = x + 16. Suppose 1 - 19 = -3*l. What is the remainder when m(0) is divided by l?
4
Let x be 2 - 2 - (-1 - 1). Suppose -x = a + 3*o - 19, -4*o = 0. What is the remainder when a is divided by 5?
2
Suppose -3*k + 84 = 2*d - 5*k, -k + 3 = 0. What is the remainder when d is divided by 19?
7
Suppose 5*p - 16 = 39. Calculate the remainder when ((-16)/5)/1*-10 is divided by p.
10
Let s(a) = -2*a**2 + a. Let q be s(3). Let x = q - -23. What is the remainder when 14 is divided by x?
6
Suppose 2*n - f = 91, -4*f - 131 = -4*n + 49. What is the remainder when n is divided by -4*(-8)/(-10)*-5?
14
Suppose 2*z - z - 5*u - 35 = 0, 2*z - 3*u - 77 = 0. Calculate the remainder when 78 is divided by z.
38
Let q = -80 + 100. Calculate the remainder when 139 is divided by q.
19
Let t = 3 + 20. Suppose 4*z - 2*m + 4*m = 30, -2*m + 14 = 2*z. Calculate the remainder when t is divided by z.
7
Suppose 0 = -5*i + 5*l + 105, -i + 83 = 3*i - 5*l. Suppose 0 = -4*p - 2 + i. What is the remainder when ((-8)/12)/((-1)/18) is divided by p?
2
Let f(b) = -b**3 + 4*b**2 - 1. Let i be f(4). Calculate the remainder when (70/25)/((-1)/(-10)) is divided by -1*(0 + 10)*i.
8
Let r(g) = -82*g - 18. What is the remainder when r(-2) is divided by 37?
35
Suppose -3*d = -4*d + 2*w + 29, 0 = 5*d + 5*w - 85. Suppose -3*f = 3*n - d, 0 = -0*n + 2*n + 6. Ca